nder when 1124 is divided by o(-24).
14
Let c = -5 - -10. Suppose 5*t = -y - 3*y - c, 4*t = 5*y + 37. Suppose 3*a + 9 = 0, -t*g - 2*a = -5*a - 75. Calculate the remainder when g is divided by 2.
0
Let z = 55 - 20. Suppose -s = 8*c - 4*c - 55, -c + 16 = s. Suppose -57 - 138 = -c*g. What is the remainder when z is divided by g?
5
Suppose 7*r - 4*r - 21 = 2*m, 2*r - 5*m - 3 = 0. Suppose 198 = r*d - 1431. Let o = -98 + d. Calculate the remainder when o is divided by 17.
15
Suppose 47*u - 756 = -135*u + 146*u. Calculate the remainder when (120 + 0)*4/6 is divided by u.
17
Let a = 630 + -631. What is the remainder when 128 is divided by (1 - -22)*(-1)/(-1) + a?
18
Let h be (1073 + 10)*(-2)/(-2). Suppose -14*m = -h - 1689. What is the remainder when m is divided by 102?
96
Let a be (8 - (5 - 9))/(-2)*-26. Suppose -191*y = -179*y - a. Suppose -5*l + 82 + 93 = 5*b, -4*b - 2*l + 134 = 0. What is the remainder when b is divided by y?
6
Let p(r) = r + 19. Suppose 0 = -h + 2, 5*h - 3*h = -5*b + 179. Calculate the remainder when b is divided by p(-8).
2
Suppose -24 - 34 = -2*x. Let g(v) = 6*v - 125. What is the remainder when 184 is divided by g(x)?
37
Suppose -3*i + 85 - 85 = 0. Suppose 3*c - k - 175 = i, k = 2*c - 4*k - 121. Calculate the remainder when 161 is divided by c.
45
Let j = 36 - 27. Let r(z) = z**2 - 7*z + 10. Let b = 281 - 114. What is the remainder when b is divided by r(j)?
27
Let t(h) = 2*h**2 - 75*h + 239. What is the remainder when 164 is divided by t(34)?
0
Let v = 85 - 59. Calculate the remainder when 157 is divided by v.
1
Suppose 66*p - 105*p = -1911. Calculate the remainder when 190 is divided by p.
43
Let i(c) = 2*c**3 - 10*c**2 + 9*c - 3. Let h be i(6). Suppose s - 4*s = -h. Suppose 0 = -6*l - 46*l + 728. Calculate the remainder when s is divided by l.
13
Let t(w) be the third derivative of 19*w**4/24 - 46*w**3/3 + 2*w**2 - 5*w. Calculate the remainder when t(9) is divided by 23.
10
Suppose 2*f - 702 + 520 = -4*i, 403 = 5*f - 3*i. What is the remainder when 180 is divided by f?
14
Suppose -3738*c + 3739*c - 265 = 0. Calculate the remainder when 2652 is divided by c.
2
Let x(l) = 27*l**2 - 171*l - 64. What is the remainder when 4212 is divided by x(7)?
58
Suppose 4*y - 10 = -3*a + 6, 3*y - 12 = 4*a. What is the remainder when y/(-10) + (-36049)/(-235) is divided by 16?
9
Suppose 0 = 4*f + 2*i - 3778, f - 708 = 3*i + 240. Calculate the remainder when f is divided by 61.
30
Let i be (-2 + -4)/6*290. Calculate the remainder when (49/245)/((-2)/i) is divided by 21.
8
Suppose 5*m = -2*s + 3*m + 278, -2*s = 5*m - 269. What is the remainder when s is divided by (1 - (-3 + 6 + -1)) + 13?
10
Let r = -4651 + 4666. Calculate the remainder when 1449 is divided by r.
9
Suppose 687 = 5*x - 4*f + 202, 291 = 3*x + 4*f. What is the remainder when x is divided by 63?
34
Suppose 0 = 4*b + 3*y + 11 - 1360, b + 5*y - 350 = 0. What is the remainder when b is divided by 6?
5
Suppose -10*p - 4*p - 4704 = 0. Let l = p + 368. What is the remainder when 82 is divided by l?
18
Let v = 2397 - 2390. What is the remainder when 1413 is divided by v?
6
Suppose -6*u + 354 = 124*u - 12*u. Suppose 0 = -0*c + 3*c + 6. Calculate the remainder when 269 is divided by u/(18/176) - c/3.
29
Suppose -4252 = -2*t + 4*b, 4*b + 2060 = t - 52. Calculate the remainder when t is divided by 9.
7
Suppose -1945 + 1605 = -10*m. Calculate the remainder when 2773 is divided by m.
19
Let l = -48 - -62. Suppose 244 + 516 = 5*v. Calculate the remainder when v is divided by l.
12
Let v(d) = 53*d**3 - 2*d + 2. Let u be v(1). Let x = -41 + u. Suppose -x*n + 162 = -66. What is the remainder when 48 is divided by n?
10
Let c(x) = -x**3 + 5*x**2 - 13*x + 11. Let n be c(5). Let j = 77 + n. Suppose 0 = 4*o - o - 24. Calculate the remainder when j is divided by o.
7
Let w = 28 + 107. Let l = 680 + w. Suppose l = -37*k + 42*k. What is the remainder when k is divided by 41?
40
What is the remainder when 11105 is divided by (-18)/(2/(-24) - 121/132)?
17
Let j(p) = 2*p**3 + 22*p**2 - 68*p + 25. Calculate the remainder when j(-12) is divided by 20.
13
Let f = -5 - -5. Suppose -3*n = 2*w - 0*w - 68, f = 5*w - 5*n - 170. Let o = -31312 - -31379. Calculate the remainder when o is divided by w.
33
Suppose 1045*v = 1019*v + 13572. What is the remainder when v is divided by 36?
18
Suppose -5*p + 3*n = -258, -3*p + 11*n = 6*n - 158. Let m = -669 + 697. What is the remainder when p is divided by m?
23
Let q = 54 - 26. Suppose 3*v - u = 292, 11*u = 5*v + 13*u - 472. Let n = 13 + v. Calculate the remainder when n is divided by q.
25
Suppose 0 = -2*o + 198 - 184. Let w = 23 + -4. Suppose w = o*y - 9. What is the remainder when 23 is divided by y?
3
Suppose 4*v - 2*i - 4 = -66, 2*v + 22 = -2*i. What is the remainder when 287/v*-2 + 2 is divided by 19?
5
Suppose -4*u + 266 = -972*f + 970*f, -5*u + 3*f + 329 = 0. What is the remainder when 379 is divided by u?
29
Let w(r) = 2*r**3 + 24*r**2 + 78*r + 251. Calculate the remainder when 10564 is divided by w(-9).
29
Let i(w) = -25*w - 10. Let q be i(10). Let p = 3 + 110. Calculate the remainder when p is divided by ((-988)/q)/(-2*(-1)/10).
18
Suppose -524*i + 532*i - 2568 = 0. Calculate the remainder when i is divided by 9.
6
Suppose -p + 5*b = 395, 4*b + 1833 + 142 = -5*p. Let l = 429 + p. Calculate the remainder when 40 is divided by l.
6
Let r(v) = 18*v - 2283. Calculate the remainder when r(143) is divided by 13.
5
Suppose 60*o - 2942 = 55*o + c, -4*o + 2*c + 2362 = 0. Calculate the remainder when o is divided by 178.
53
Let n(g) = g**3 + 20*g**2 - 309*g - 63. Calculate the remainder when n(-30) is divided by -5*1/(-2)*(-6)/(-1).
12
Let h = -1 + 26. Suppose -2*m = -2*z - 0*z + 8, 5*z - h = 4*m. Calculate the remainder when 80 is divided by z.
8
Let n = -52 + 55. Suppose 0 = n*x - 0*x + 27. What is the remainder when (x*20/(-15))/((-3)/(-10)) is divided by 11?
7
Suppose -48*b = 36*b - 214788. Calculate the remainder when b is divided by 1.
0
Suppose 2*s - 33 - 21 = -z, 3*z - s - 155 = 0. Let n = 132 - 69. What is the remainder when z is divided by (-14)/n + (-101)/(-9)?
8
Let q = -1919 - -2092. What is the remainder when 307 is divided by q?
134
Let h = -235 - -511. Suppose -12*d + h + 48 = 0. What is the remainder when d is divided by 6?
3
Suppose 4*a = 2*h + 14, -a + 6*a - 5 = 0. What is the remainder when 29 is divided by (-21)/h + ((-352)/(-40) - 9)?
1
Let y(z) = -2*z**2 + 99*z - 50. What is the remainder when 163 is divided by y(48)?
69
Let u be (6/18)/((-5)/(-15)). What is the remainder when 10 is divided by (-11)/(-66) + (u - (-141)/18)?
1
Let f be 836/(-12)*6/(-24)*-12. Let c = f + 326. Calculate the remainder when c is divided by 11.
7
Suppose -4*y + 23 = -33. What is the remainder when -28 + (19 - (29 + -68)) is divided by y?
2
Suppose -r - 128 = -4*j + 257, 4*j - 390 = 2*r. What is the remainder when 156 is divided by j?
61
Suppose -10 - 5 = -5*i. Suppose -42 = i*v - 5*v. Let j(h) = -h**3 - h**2 + h + 11. What is the remainder when v is divided by j(0)?
10
Suppose 3*d + 661 = 4*v + 24846, -5*d - v = -40293. Calculate the remainder when d is divided by 26.
25
Suppose -12*g - 132 = -4*m - 8*g, m = -5*g + 9. Let o be 30 + (2 - 3) + 3. Suppose -5*p + o = -43. What is the remainder when m is divided by p?
14
Let s(x) = -3*x**2 + 19*x - 2. Let t be s(6). Suppose 5*z = 8*z - 3*a - 162, 215 = t*z - 3*a. Calculate the remainder when z is divided by 32.
21
Suppose 1014 - 222 = 9*h. What is the remainder when h is divided by 31?
26
Let q(b) = -b**3 + 32*b**2 + 149*b + 5. Calculate the remainder when 1268 is divided by q(-5).
158
Let a(q) = 64*q - 4. What is the remainder when a(5) is divided by 9?
1
Suppose -24*w = -29*w + 25. Suppose -1503 = -4*y - w*y. Calculate the remainder when y is divided by 43.
38
Let l(y) be the third derivative of y**6/120 + y**5/60 - y**4/24 + 5*y**3 - y**2. Let u = -772631 - -772648. Calculate the remainder when l(0) is divided by u.
13
Let a(n) = 39*n - 98. Suppose 4*u - 2*i - 15 = -u, 3*u - i = 10. Suppose r - 420 = -u*r. What is the remainder when r is divided by a(3)?
13
Suppose 0*w - w - 413 = d, -383 = d - 5*w. Let a = 421 + d. What is the remainder when 81 is divided by a?
3
Let b(l) = l**2 - 20*l - 7. Let j be b(-6). Suppose -5